
5
What is the units digit of 12532531?
1
What is the tens digit of 348371?
7
What is the thousands digit of 192005?
2
What is the hundreds digit of 112809?
8
What is the ten thousands digit of 34227?
3
What is the thousands digit of 4667764?
7
What is the hundred thousands digit of 173816?
1
What is the hundred thousands digit of 938782?
9
What is the ten thousands digit of 35011374?
1
What is the millions digit of 9406743?
9
What is the units digit of 3151943?
3
What is the tens digit of 4716193?
9
What is the units digit of 12133271?
1
What is the ten thousands digit of 6396054?
9
What is the thousands digit of 337241?
7
What is the thousands digit of 3876755?
6
What is the ten thousands digit of 1302927?
0
What is the ten thousands digit of 145838?
4
What is the hundreds digit of 180235?
2
What is the ten thousands digit of 1282598?
8
What is the ten thousands digit of 3831198?
3
What is the hundred thousands digit of 206638?
2
What is the hundred thousands digit of 249325?
2
What is the millions digit of 25290510?
5
What is the tens digit of 1057618?
1
What is the millions digit of 7394818?
7
What is the millions digit of 3954154?
3
What is the tens digit of 345375?
7
What is the hundreds digit of 6533268?
2
What is the units digit of 5109739?
9
What is the millions digit of 2822807?
2
What is the thousands digit of 317830?
7
What is the tens digit of 2197711?
1
What is the ten thousands digit of 3757907?
5
What is the hundreds digit of 1778859?
8
What is the hundred thousands digit of 385906?
3
What is the ten thousands digit of 6887862?
8
What is the units digit of 6309082?
2
What is the units digit of 152097?
7
What is the units digit of 2698970?
0
What is the tens digit of 2561671?
7
What is the units digit of 8009873?
3
What is the ten thousands digit of 6615370?
1
What is the thousands digit of 5722048?
2
What is the hundreds digit of 601396?
3
What is the hundred thousands digit of 1769628?
7
What is the hundreds digit of 142595?
5
What is the hundreds digit of 182389?
3
What is the units digit of 529585?
5
What is the thousands digit of 17042443?
2
What is the hundreds digit of 314479?
4
What is the hundred thousands digit of 304930?
3
What is the thousands digit of 241541?
1
What is the hundred thousands digit of 998943?
9
What is the units digit of 47390?
0
What is the hundreds digit of 1654213?
2
What is the thousands digit of 579524?
9
What is the thousands digit of 2411079?
1
What is the tens digit of 136775?
7
What is the thousands digit of 4908063?
8
What is the hundred thousands digit of 5614203?
6
What is the hundreds digit of 2451367?
3
What is the thousands digit of 72695?
2
What is the hundreds digit of 247211?
2
What is the hundred thousands digit of 30289278?
2
What is the units digit of 3513433?
3
What is the ten millions digit of 23761822?
2
What is the thousands digit of 4602890?
2
What is the ten thousands digit of 303627?
0
What is the thousands digit of 1835133?
5
What is the ten thousands digit of 112210?
1
What is the millions digit of 9330917?
9
What is the ten thousands digit of 1521969?
2
What is the hundreds digit of 4243570?
5
What is the hundred thousands digit of 382455?
3
What is the ten thousands digit of 96195?
9
What is the units digit of 6755698?
8
What is the hundred thousands digit of 13210847?
2
What is the tens digit of 727971?
7
What is the hundred thousands digit of 7724137?
7
What is the hundreds digit of 276689?
6
What is the tens digit of 799841?
4
What is the hundred thousands digit of 2786420?
7
What is the tens digit of 5365858?
5
What is the hundreds digit of 5097275?
2
What is the ten thousands digit of 1660848?
6
What is the ten thousands digit of 93218?
9
What is the tens digit of 836092?
9
What is the units digit of 105283?
3
What is the millions digit of 6247807?
6
What is the tens digit of 1825396?
9
What is the hundred thousands digit of 2009964?
0
What is the ten thousands digit of 221278?
2
What is the millions digit of 1170759?
1
What is the ten thousands digit of 23747?
2
What is the hundreds digit of 185213?
2
What is the hundred thousands digit of 157612?
1
What is the thousands digit of 1299256?
9
What is the tens digit of 1579?
7
What is the millions digit of 7261149?
7
What is the ten thousands digit of 779305?
7
What is the hundred thousands digit of 2139052?
1
What is the tens digit of 843205?
0
What is the tens digit of 7577712?
1
What is the ten millions digit of 12003956?
1
What is the hundreds digit of 1227740?
7
What is the thousands digit of 671798?
1
What is the ten thousands digit of 169081?
6
What is the hundreds digit of 6493614?
6
What is the ten thousands digit of 298267?
9
What is the hundreds digit of 1606023?
0
What is the tens digit of 141101?
0
What is the thousands digit of 487148?
7
What is the units digit of 434951?
1
What is the hundred thousands digit of 2075136?
0
What is the tens digit of 2339498?
9
What is the tens digit of 257282?
8
What is the thousands digit of 594689?
4
What is the units digit of 2857?
7
What is the tens digit of 2284424?
2
What is the units digit of 211476?
6
What is the ten thousands digit of 332119?
3
What is the ten thousands digit of 12783323?
8
What is the hundred thousands digit of 404468?
4
What is the thousands digit of 241621?
1
What is the thousands digit of 3989760?
9
What is the hundreds digit of 6340569?
5
What is the hundreds digit of 842282?
2
What is the tens digit of 166197?
9
What is the thousands digit of 2402411?
2
What is the ten thousands digit of 588753?
8
What is the hundreds digit of 258151?
1
What is the hundred thousands digit of 794984?
7
What is the hundreds digit of 315080?
0
What is the hundred thousands digit of 4819275?
8
What is the units digit of 4072221?
1
What is the tens digit of 330755?
5
What is the hundreds digit of 3184915?
9
What is the units digit of 719784?
4
What is the thousands digit of 56923?
6
What is the tens digit of 8700090?
9
What is the millions digit of 4116686?
4
What is the thousands digit of 2864891?
4
What is the millions digit of 1466455?
1
What is the hundreds digit of 2933125?
1
What is the millions digit of 27765344?
7
What is the millions digit of 29734698?
9
What is the hundreds digit of 10033754?
7
What is the tens digit of 345744?
4
What is the hundreds digit of 9559414?
4
What is the tens digit of 909700?
0
What is the units digit of 895537?
7
What is the thousands digit of 1169418?
9
What is the units digit of 13882649?
9
What is the units digit of 677267?
7
What is the units digit of 194286?
6
What is the hundreds digit of 628229?
2
What is the hundreds digit of 1223045?
0
What is the hundreds digit of 168206?
2
What is the tens digit of 106132?
3
What is the tens digit of 781556?
5
What is the hundreds digit of 579638?
6
What is the ten thousands digit of 4956210?
5
What is the ten thousands digit of 82863?
8
What is the hundred thousands digit of 3529367?
5
What is the thousands digit of 5361782?
1
What is the hundreds digit of 787428?
4
What is the millions digit of 1290668?
1
What is the units digit of 123304?
4
What is the thousands digit of 113232?
3
What is the hundreds digit of 15373553?
5
What is the thousands digit of 5543755?
3
What is the hundred thousands digit of 591878?
5
What is the thousands digit of 191020?
1
What is the units digit of 1302164?
4
What is the hundreds digit of 562913?
9
What is the units digit of 7467045?
5
What is the hundreds digit of 12008010?
0
What is the units digit of 3740530?
0
What is the hundreds digit of 1009275?
2
What is the hundred thousands digit of 5485172?
4
What is the ten thousands digit of 50277?
5
What is the hundred thousands digit of 10107517?
1
What is the tens digit of 16299674?
7
What is the tens digit of 139034?
3
What is the millions digit of 1905368?
1
What is the hundred thousands digit of 581970?
5
What is the ten thousands digit of 505140?
0
What is the hundreds digit of 636343?
3
What is the thousands digit of 74290?
4
What is the tens digit of 15743561?
6
What is the thousands digit of 134254?
4
What is the ten thousands digit of 14341367?
4
What is the hundreds digit of 11849650?
6
What is the hundred thousands digit of 4805168?
8
What is the hundred thousands digit of 4759934?
